{"id":81,"date":"2025-09-13T00:33:10","date_gmt":"2025-09-13T03:33:10","guid":{"rendered":"https:\/\/caletaolivia.gov.ar\/punto-organico\/?page_id=81"},"modified":"2025-09-19T03:32:00","modified_gmt":"2025-09-19T06:32:00","slug":"mercado-agroecologico","status":"publish","type":"page","link":"https:\/\/caletaolivia.gov.ar\/punto-organico\/mercado-agroecologico\/","title":{"rendered":"Mercado Agroecol\u00f3gico"},"content":{"rendered":"\n<h2 class=\"wp-block-heading\">Mercado Agroecol\u00f3gico: El sabor aut\u00e9ntico de la Patagonia<\/h2>\n\n\n\n<p>En <strong>Punto Org\u00e1nico<\/strong>, te invitamos a descubrir un lugar donde la frescura, la calidad y el trabajo local se unen. Somos un mercado con la esencia de la Patagonia, un espacio pensado para conectar a los productores de la regi\u00f3n con tu mesa, de forma directa y sin intermediarios.<\/p>\n\n\n\n<p>Cada semana, recibimos lo mejor de las cosechas y elaboraciones de nuestros vecinos. Aqu\u00ed encontrar\u00e1s productos aut\u00e9nticos, cultivados y creados con dedicaci\u00f3n y respeto por la tierra.<\/p>\n\n\n\n<p>Nuestra selecci\u00f3n incluye:<\/p>\n\n\n\n<ul>\n<li><strong>Frutas y verduras de estaci\u00f3n<\/strong>: Cosechadas en su punto \u00f3ptimo.<\/li>\n\n\n\n<li><strong>Huevos de chacra<\/strong>: Frescos y de gallinas felices.<\/li>\n\n\n\n<li><strong>Miel pura<\/strong>: Con todo el aroma y sabor de las flores patag\u00f3nicas.<\/li>\n\n\n\n<li><strong>Quesos artesanales<\/strong>: Elaborados con recetas tradicionales.<\/li>\n\n\n\n<li><strong>Panes y dulces caseros<\/strong>: Hechos con amor y los mejores ingredientes.<\/li>\n\n\n\n<li><strong>Hierbas, sahumerios y productos naturales<\/strong>: Para cuidar tu bienestar de forma consciente.<\/li>\n<\/ul>\n\n\n\n<p>M\u00e1s que un simple mercado, <strong>Punto Org\u00e1nico<\/strong> es un punto de encuentro para apoyar a los emprendedores locales y disfrutar de lo que la Patagonia tiene para ofrecer: alimentos verdaderos, sostenibles y saludables.<\/p>\n\n\n\n<p>Te esperamos en <strong>Circunvalaci\u00f3n y Los Aromos 288, Caleta Olivia<\/strong>. Ven\u00ed a elegir <strong>saludable, local y sostenible<\/strong>.<\/p>\n\n\n\n<iframe loading=\"lazy\" src=\"https:\/\/www.facebook.com\/plugins\/video.php?height=476&#038;href=https%3A%2F%2Fwww.facebook.com%2Freel%2F1101752998114848%2F&#038;show_text=false&#038;width=267&#038;t=0\" width=\"267\" height=\"476\" style=\"border:none;overflow:hidden\" scrolling=\"no\" frameborder=\"0\" allowfullscreen=\"true\" allow=\"autoplay; clipboard-write; encrypted-media; picture-in-picture; web-share\" allowFullScreen=\"true\"><\/iframe>\n\n\n\n<iframe loading=\"lazy\" src=\"https:\/\/www.facebook.com\/plugins\/video.php?height=476&#038;href=https%3A%2F%2Fwww.facebook.com%2F61560095738235%2Fvideos%2F1395703491900102%2F&#038;show_text=false&#038;width=267&#038;t=0\" width=\"267\" height=\"476\" style=\"border:none;overflow:hidden\" scrolling=\"no\" frameborder=\"0\" allowfullscreen=\"true\" allow=\"autoplay; clipboard-write; encrypted-media; picture-in-picture; web-share\" allowFullScreen=\"true\"><\/iframe>\n\n\n\n<figure class=\"wp-block-image alignfull size-full\"><img loading=\"lazy\" decoding=\"async\" width=\"511\" height=\"720\" src=\"https:\/\/caletaolivia.gov.ar\/punto-organico\/wp-content\/uploads\/2025\/09\/MercadoAgroecologico-1.jpg\" alt=\"\" class=\"wp-image-82\" srcset=\"https:\/\/caletaolivia.gov.ar\/punto-organico\/wp-content\/uploads\/2025\/09\/MercadoAgroecologico-1.jpg 511w, https:\/\/caletaolivia.gov.ar\/punto-organico\/wp-content\/uploads\/2025\/09\/MercadoAgroecologico-1-213x300.jpg 213w\" sizes=\"(max-width: 511px) 100vw, 511px\" \/><\/figure>\n\n\n\n<iframe loading=\"lazy\" src=\"https:\/\/www.facebook.com\/plugins\/video.php?height=469&#038;href=https%3A%2F%2Fwww.facebook.com%2F61560095738235%2Fvideos%2F24502073249429890%2F&#038;show_text=false&#038;width=560&#038;t=0\" width=\"560\" height=\"469\" style=\"border:none;overflow:hidden\" scrolling=\"no\" frameborder=\"0\" allowfullscreen=\"true\" allow=\"autoplay; clipboard-write; encrypted-media; picture-in-picture; web-share\" allowFullScreen=\"true\"><\/iframe>\n","protected":false},"excerpt":{"rendered":"<p>Mercado Agroecol\u00f3gico: El sabor aut\u00e9ntico de la Patagonia En Punto Org\u00e1nico, te invitamos a descubrir un&hellip;<\/p>\n","protected":false},"author":1,"featured_media":0,"parent":0,"menu_order":0,"comment_status":"closed","ping_status":"closed","template":"","meta":{"_themeisle_gutenberg_block_has_review":false,"footnotes":""},"_links":{"self":[{"href":"https:\/\/caletaolivia.gov.ar\/punto-organico\/wp-json\/wp\/v2\/pages\/81"}],"collection":[{"href":"https:\/\/caletaolivia.gov.ar\/punto-organico\/wp-json\/wp\/v2\/pages"}],"about":[{"href":"https:\/\/caletaolivia.gov.ar\/punto-organico\/wp-json\/wp\/v2\/types\/page"}],"author":[{"embeddable":true,"href":"https:\/\/caletaolivia.gov.ar\/punto-organico\/wp-json\/wp\/v2\/users\/1"}],"replies":[{"embeddable":true,"href":"https:\/\/caletaolivia.gov.ar\/punto-organico\/wp-json\/wp\/v2\/comments?post=81"}],"version-history":[{"count":12,"href":"https:\/\/caletaolivia.gov.ar\/punto-organico\/wp-json\/wp\/v2\/pages\/81\/revisions"}],"predecessor-version":[{"id":175,"href":"https:\/\/caletaolivia.gov.ar\/punto-organico\/wp-json\/wp\/v2\/pages\/81\/revisions\/175"}],"wp:attachment":[{"href":"https:\/\/caletaolivia.gov.ar\/punto-organico\/wp-json\/wp\/v2\/media?parent=81"}],"curies":[{"name":"wp","href":"https:\/\/api.w.org\/{rel}","templated":true}]}}